ndreds digit of p?
2
Suppose 0 = 3*o + 5*l - 14, o - 3*l = -0*o. Suppose -v - o*c - 183 = -2*v, 5*c = v - 179. Let s = v - 154. What is the units digit of s?
5
Suppose 0 = 2*d - 2*j + 4*j - 6, -3*d + j + 29 = 0. Suppose -d*k - 795 = 685. Let p = -70 - k. What is the hundreds digit of p?
1
Let i be 2/2*-2 + -116. Let f = 5429 + -5083. Let g = i + f. What is the units digit of g?
8
Suppose -2*h + 3900 = 3*b - 5*h, b = -5*h + 1318. Suppose 2*u - b = -3*i, -4*u - i = -2*i - 2641. What is the hundreds digit of u?
6
Let x = 1244 + -684. Suppose 8*z - 3*z - x = 0. Suppose -5*m + 105 = -3*o - 35, -4*o + z = 4*m. What is the units digit of m?
8
Let w(p) = 31*p**3 + 4*p**2 + 4*p - 78. What is the hundreds digit of w(5)?
9
Suppose 2*k - 7 = -5*z, 3 = 2*k - 2*z + 3*z. Let y be k/(-2) + (-27)/(-6). What is the units digit of 591/6 - y/8?
8
Suppose -5*w = 4*f - 72296, 4*w = -5*f + 39134 + 18701. What is the units digit of w?
0
Let y = 460 + -445. Suppose 0 = y*h - 5984 - 3106. What is the units digit of h?
6
Suppose -354*z - 4*f + 54828 = -351*z, -3*z + f = -54813. What is the hundreds digit of z?
2
Let k = 13386 + -6663. What is the units digit of k?
3
Let a(w) = -w**3 - 23*w**2 - 33*w + 29. Let q be a(-21). Let i = q - -431. What is the tens digit of i?
7
Suppose 4*f - 7*f - z = -492, 0 = 2*f + 3*z - 321. What is the hundreds digit of (152/(-12))/((-5)/f)?
4
Let a be (-70)/8 + 8/(-32). Let c be (-2)/a*-3*(1 - 7). Suppose -4*m = 2*b - 210, -m = 8*b - c*b - 399. What is the units digit of b?
9
Let s(g) = 313*g + 5288. What is the thousands digit of s(0)?
5
Let t(f) = 24*f - 26. Let r(i) = 15*i + 65. Let h be r(-4). What is the tens digit of t(h)?
9
Let y(x) = 42*x + 31. Let k be y(-12). Let f = 517 + k. What is the tens digit of f?
4
Let v be 3/((-2 - -3)/(-1 - -4)). Suppose -v*f - 15 = -12*f. Suppose f*g + 25 + 21 = 2*i, -i = -5*g - 18. What is the units digit of i?
8
Suppose 217*i - 5691678 = 2065694 - 602882. What is the ten thousands digit of i?
3
Suppose 156*v = 190*v - 567307 - 58633. What is the ten thousands digit of v?
1
Let j = -318 - 445. Let a = 1337 + j. What is the hundreds digit of a?
5
Let g be 1/(-3 + (-40)/(-12)). Suppose -6*z + z - g*w = -547, w - 218 = -2*z. Suppose -2*h + 41 = -z. What is the tens digit of h?
7
Suppose 3*x = -12, 4*v + 6*x - 17536 = 8*x. What is the hundreds digit of v?
3
Let j = 1369 - 403. Let v = 1620 - j. What is the units digit of v?
4
Let k(w) = w**3 - 11*w**2 - 12*w + 15. Suppose 9*d = -1 + 19. Let p be (-6)/(3/(-12)*d). What is the units digit of k(p)?
5
Let p be ((16/10)/4)/(2/480). Let b = -93 + p. Suppose 2*q = 3*m - 40 + 5, 3*m + b*q = 30. What is the tens digit of m?
1
Suppose -140*k - 63*k = -20*k - 2213934. What is the tens digit of k?
9
Let p(k) = -k**3 + 7*k**2 + 5*k - 10. Let j be p(6). Suppose -j*g + 60*g - 224 = 0. What is the units digit of g - ((-4)/(-6))/(2/(-6))?
8
Let a = -224 + 230. Let k(w) = 118*w - 164. What is the units digit of k(a)?
4
Suppose 47*m = 438940 + 782449. What is the hundreds digit of m?
9
Let z be 5/((-30)/36) + -6 - 2. Let b(u) = -117*u - 284. What is the units digit of b(z)?
4
Suppose 8*r + 99 = 11*r. Let z = 36 - r. Suppose -2*m = 2*w - 176, -7*m = -3*m - z*w - 324. What is the tens digit of m?
8
Let a(s) be the first derivative of 2*s**3/3 - 9*s**2/2 - 33*s - 83. What is the tens digit of a(-11)?
0
Let w(y) = 708*y - 541. What is the units digit of w(6)?
7
Let q = -34 + -70. Suppose 2*z - 7*z = 135. Let a = z - q. What is the tens digit of a?
7
Let f = -15401 + 33613. What is the ten thousands digit of f?
1
What is the hundreds digit of 2*(-5)/56*-55668 + 2/7?
9
Suppose -27*u + 10 = -22*u. What is the units digit of ((u - -4) + 230)*(-2)/(-1)?
2
Let j(k) = 21*k**3 - 5*k**2 + 6*k + 1. Let b be (-6)/(-18) - 16/(-6). What is the hundreds digit of j(b)?
5
Let f(j) = 211*j - 5. Let w(i) = -2*i. Let n(v) = -2*f(v) - 4*w(v). What is the thousands digit of n(-4)?
1
Suppose 4*o - 16 = -2*p, -p = o + 2*p - 14. Let x(d) = -d + 21 - o*d**3 + 16*d - 24*d**2 + 10*d + 3*d**3. What is the units digit of x(23)?
7
Suppose 13*r + r = 56. Let c be ((-11)/((-231)/(-342)))/(r/(-28)). Suppose 2*z = -8, 2*z - 319 = -3*i + c. What is the tens digit of i?
4
Suppose 36 = 3*k - 12. Suppose 13*p + 1233 = k*p. What is the units digit of p?
1
Suppose 40320 = 19*z + 21*z. Let j = z + -188. What is the units digit of j?
0
Let f(t) be the second derivative of 43*t**4/12 + t**3/3 + t**2/2 - 9*t + 3. What is the units digit of f(-3)?
2
Let l = 227 + -223. Suppose -2*d - 2192 = -4*i, i + l*d - 109 = 457. What is the hundreds digit of i?
5
Let j = 20687 - -2677. What is the tens digit of (4/(-6))/((-24)/j)?
4
Let l(j) = 352*j - 21. Let n be 3*1*(1 + (-18)/27). What is the units digit of l(n)?
1
Let o = -73 + 77. What is the units digit of 303/o + 3/12?
6
Suppose 3*l = -m + 56626 + 8186, -3*m = -4*l + 86377. What is the ten thousands digit of l?
2
Let b(j) = -j - 67. Let f be b(-7). What is the units digit of -4*(-5)/f*-3 + 311?
2
Suppose -420 = -25*n + 430. Suppose 0 = -3*u + 175 - n. What is the units digit of u?
7
Let w(b) = b**2 - 15*b + 1. Let j be w(15). Let l be -1 - -957 - (j - -2 - 3). What is the units digit of l/10 - 4/40*-4?
6
Suppose 0 = 86*n - 91*n + 15. Suppose -z + 434 = 2*h, h = n*z + 75 + 149. What is the hundreds digit of h?
2
Suppose -76*c = -74*c + 88. Let s = c - -53. Suppose -8*b = -s*b + 81. What is the units digit of b?
1
What is the ten thousands digit of (-2)/(-3)*(5/2 - (-87985)/2)?
2
Suppose -23 = -10*o + 57. Suppose o = j + 15. What is the tens digit of (99/(-4))/(j/28)?
9
Suppose -k - 3*l = 159, k - 6*k - 2*l = 821. Let s = -94 - k. What is the tens digit of s?
7
Suppose -5*l + 264998 = 3*c, 7*l - 434396 + 63366 = 4*c. What is the thousands digit of l?
3
Let i = -2160 + 4529. What is the units digit of i?
9
Let n(h) = -206*h + 2661. What is the hundreds digit of n(-34)?
6
Let j be 284/(-12) - (-1)/(-3). Let t be j/(-56) + 3/(-7). Suppose t = 2*d, -156 = -4*b - 2*d + 200. What is the units digit of b?
9
Let w(z) = -z**3 + 26*z**2 + 54*z + 64. Let h be w(26). Suppose -o = 3*g - 1873, -5*g + 3*o + h = -1635. What is the hundreds digit of g?
6
Suppose -l + 40*d + 18352 = 38*d, -3*l + d = -55021. What is the tens digit of l?
3
Suppose -5*h = -4*n - 1590, -934 = -3*h + 2*n + 22. Let f = 176 + h. What is the hundreds digit of f?
4
Suppose 3*n - 3*z - 2 = -5*z, -2*z = -5*n + 30. Let m be (9/n)/(3/(-160)). Let p = -51 - m. What is the tens digit of p?
6
Let c = -14685 - -20483. What is the tens digit of c?
9
Let v = 62 - 35. Let b be ((-540)/(-24))/((-9)/12*-1). Let a = b + v. What is the units digit of a?
7
Suppose -5*h + 342820 = -5*n, -5*n - 15197 = -h + 53331. What is the hundreds digit of h?
5
Let b(v) = -25787*v**3 - 5*v**2 - 7*v - 2. What is the thousands digit of b(-1)?
5
Suppose -780565 = -75*i + 448910. What is the thousands digit of i?
6
What is the tens digit of 10/(-2) + (-318)/53 + (0 - -12134)?
2
Let o = -71 + 1. What is the units digit of 8/10 - -2*(-11557)/o?
1
Suppose 168*h = -50*h + 65*h + 2614005. What is the thousands digit of h?
7
Suppose z - 2*z + 341 = -3*l, -z - l = -345. Let j = -468 - -262. Let o = j + z. What is the units digit of o?
8
Suppose 5236104 = 263*c + 131*c - 14052166. What is the thousands digit of c?
8
Let u(n) = 9*n**2 + 262*n + 642. What is the units digit of u(-77)?
9
Let p = 281 + -277. Suppose -3*l + p*o + 753 = -341, 5*o + 25 = 0. What is the hundreds digit of l?
3
Suppose -3*y - 18 = -y + 5*v, -2*y = 4*v + 16. Let n = -23688 + 24734. What is the tens digit of 2 + (-5)/2 - n/y?
6
Let j = 68750 + -33242. What is the tens digit of j?
0
Let p be ((-1)/2)/((0 + 5)/(-40)). Let x be (-9)/(-6)*p/3. Suppose 176 = x*v - 4*z, -3*z = -v - 39 + 132. What is the tens digit of v?
7
Let f(r) = 2*r + 2. Let l be f(0). What is the thousands digit of -2 + ((-2 - l)*-271 - 2)?
1
Let u(l) = l**3 - 4*l**2 + l + 5. Let q(m) = m**3 - 7*m**2 + 7*m - 2. Let b be q(6). Let g be u(b). What is the tens digit of 821/g + 2/(-9)?
9
Let b(o) = 47*o**2 - 9*o - 657. What is the units digit of b(-16)?
9
Let g(x) = -12*x**3 + 13*x**3 - 1 + 6 + 3 + 60*x - 28*x**2. Suppose 4*t = 48 + 56. What is the hundreds digit of g(t)?
2
Let s = 283 + -279. Suppose -4*n = -s*j - 1856, 2*n 